t t(q) = q**3 + 16*q**2 - 347*q - 342. Determine t(-28).
-34
Let m(b) = 23*b**3 - 392*b**2 + 247*b - 3920. Calculate m(17).
-10
Let f(r) = -r**3 + 133*r**2 - 702*r - 1243. Give f(7).
17
Let q(v) = 9*v**2 - 1771*v - 3829. Give q(199).
151
Let b(t) = 4*t**3 - 14*t**2 + 28*t - 12. Give b(5).
278
Let c(l) = l**3 + 12*l**2 - 641*l - 8046. What is c(-13)?
118
Let k(m) = -m**3 - 206*m**2 + 12796*m + 212. Determine k(50).
12
Let q(b) = -b**2 + 581*b + 28816. Determine q(-46).
-26
Let f(h) = 2985*h + 95503. Give f(-32).
-17
Let j(s) = -3*s**2 - 14109*s - 28220. What is j(-2)?
-14
Let a(i) = 1327*i + 5229. Calculate a(-4).
-79
Let u(j) = -j**2 + 66268*j - 2715311. What is u(41)?
-4
Let q(b) = -12749*b + 114509. What is q(9)?
-232
Let x(p) = 1103*p + 4352. Calculate x(-4).
-60
Let s(d) = -5448*d + 277845. Calculate s(51).
-3
Let a(t) = -1219*t - 220635. Determine a(-181).
4
Let d(h) = -4*h**2 - 31620*h - 158096. Determine d(-5).
-96
Let t(s) = 20*s**2 + 29*s - 33. Determine t(1).
16
Let g(v) = 58*v**2 + 3889*v - 11682. Calculate g(3).
507
Let i(s) = 7246*s - 65217. Give i(9).
-3
Let d(t) = 2*t**3 + 28*t**2 + 185*t - 17. Calculate d(-8).
-729
Let p(c) = 59*c**2 - 189*c - 291. Calculate p(-2).
323
Let b(j) = 218*j - 3311. Give b(11).
-913
Let y(g) = g**3 - 39*g**2 - 518*g + 19124. Determine y(40).
4
Let x(q) = -q**2 + 185*q + 14098. Determine x(243).
4
Let r(c) = -2*c**2 + 27338*c - 382342. What is r(14)?
-2
Let f(p) = -971*p + 2992. Give f(2).
1050
Let k(n) = -1621*n + 44288. Calculate k(27).
521
Let p(y) = 1073*y - 63957. Determine p(59).
-650
Let h(a) = -2991*a - 38851. Determine h(-13).
32
Let g(k) = 2*k**3 + 196*k**2 + 2486*k - 299. Give g(-83).
33
Let l(o) = -3*o**2 - 26*o + 345. Determine l(-18).
-159
Let x(p) = -2*p**3 - 7*p + 235. Determine x(0).
235
Let c(b) = 13*b**2 - 4977*b - 6450. Calculate c(384).
-690
Let f(h) = h**3 + 62*h**2 + 816*h - 5. Determine f(-42).
1003
Let z(d) = -5534*d - 199229. Calculate z(-36).
-5
Let a(q) = -704*q - 5888. What is a(-8)?
-256
Let k(v) = 3*v**3 - 157*v**2 - 31*v + 3018. What is k(52)?
-1298
Let m(c) = -38970*c + 1636722. Give m(42).
-18
Let m(p) = -2*p**2 - 87*p + 72202. Give m(-213).
-5
Let g(n) = -3*n**3 - 25*n**2 - 3137*n - 28387. Give g(-9).
8
Let h(g) = 7*g**3 - 12*g**2 - 662*g + 30. What is h(-9)?
-87
Let l(t) = -32*t**2 - 140*t - 17. Calculate l(-8).
-945
Let f(o) = -1822*o + 98382. Calculate f(54).
-6
Let f(s) = -s**3 - 47*s**2 + 54*s + 369. Give f(-48).
81
Let s(l) = 69*l**2 + 181*l + 57. What is s(-1)?
-55
Let g(t) = 22355*t + 625947. Give g(-28).
7
Let m(r) = 47*r**2 - 202*r + 227. What is m(2)?
11
Let c(o) = 2*o**3 + 12*o**2 + 57*o + 21. Determine c(-4).
-143
Let c(l) = -l**3 - 10*l**2 - 40*l - 8. What is c(-10)?
392
Let n(h) = -38*h**3 + 1179*h**2 + 26*h + 91. Determine n(31).
1858
Let r(m) = 12630*m - 1161954. Determine r(92).
6
Let a(t) = -t**3 + 71*t**2 - 346*t - 337. Give a(6).
-73
Let p(k) = -51643*k + 7953028. What is p(154)?
6
Let m(j) = -2053960*j - 6161888. Give m(-3).
-8
Let r(g) = 12*g**3 - 4*g**2 - 39*g - 52. What is r(-3)?
-295
Let p(y) = y**3 - 67*y**2 - 39*y - 932. What is p(68)?
1040
Let w(t) = -5*t**3 - 206*t**2 - 432*t - 37. Calculate w(-2).
43
Let y(j) = 22*j**2 + 86*j - 1. What is y(-3)?
-61
Let r(p) = 266466*p + 2131713. Determine r(-8).
-15
Let j(h) = -5*h**3 + 471*h**2 - 101*h + 438. Calculate j(94).
-220
Let c(w) = 48986*w + 2596252. What is c(-53)?
-6
Let y(z) = -z**2 + 846*z - 84848. What is y(116)?
-168
Let g(o) = -76*o**2 + 9270*o + 225. What is g(122)?
-19
Let q(k) = -13*k**2 - 403*k + 400. Determine q(1).
-16
Let u(v) = -2*v**2 - 542*v + 1112. Give u(-273).
20
Let m(j) = -657*j**2 - 198*j - 210. Give m(-1).
-669
Let g(t) = -2857*t + 2085614. Calculate g(730).
4
Let i(j) = j**2 - 1400*j + 237986. Give i(198).
-10
Let c(u) = -u**2 + 1055*u - 174922. Give c(206).
-28
Let h(z) = 69*z**2 - 27742*z + 1652. Determine h(402).
44
Let p(n) = 5*n**3 - 642*n**2 + 11428*n + 2248. Determine p(107).
1
Let u(o) = o**3 - 49*o**2 + 283*o + 456. Calculate u(42).
-6
Let t(i) = -32*i**2 - 956*i - 6622. What is t(-11)?
22
Let l(p) = -118621*p - 1305217. Determine l(-11).
-386
Let l(t) = t**2 - 247*t + 11790. Determine l(183).
78
Let c(u) = -u**3 + 7*u**2 + 20*u + 139. What is c(-4)?
235
Let i(j) = -4*j**3 - 23*j**2 - 24728*j - 148397. What is i(-6)?
7
Let t(m) = -5567*m - 233699. What is t(-42)?
115
Let p(q) = 17*q**2 - 27*q + 371. Give p(14).
3325
Let t(a) = a**2 - 1632*a + 25926. Determine t(16).
70
Let m(t) = -3*t**3 + 263*t**2 + 1014*t + 16676. Calculate m(92).
-68
Let d(y) = -1547*y - 163986. Give d(-106).
-4
Let y(c) = 11*c**3 + 16*c**2 + 14*c - 792. Determine y(-6).
-2676
Let w(k) = -6*k**3 - 30*k**2 + 900*k + 48. Give w(-15).
48
Let k(o) = -240*o + 26024. Calculate k(112).
-856
Let a(y) = -3847*y + 26704. What is a(7)?
-225
Let k(b) = -107079*b - 963725. Determine k(-9).
-14
Let d(k) = 7*k**3 - 248*k**2 - 2283*k + 141. Give d(43).
-31
Let j(y) = -268*y**3 - 10194*y**2 - 378*y + 81. What is j(-38)?
5
Let i(p) = p**2 + 15312*p - 137832. Give i(9).
57
Let o(h) = -h**3 - 5*h**2 - 140*h - 725. Calculate o(-5).
-25
Let c(d) = -8459*d - 68148. Determine c(-8).
-476
Let q(d) = -22*d**2 - 64*d + 111. Give q(-4).
15
Let a(p) = -141*p**2 + 1268*p - 1273. What is a(1)?
-146
Let q(v) = 60*v**2 + 566*v + 1144. Give q(-4).
-160
Let y(p) = 80*p - 2083. Give y(27).
77
Let o(h) = -12*h**3 - 251*h**2 - 17*h - 629. Calculate o(-21).
169
Let t(x) = x**2 - 7*x + 29. Determine t(14).
127
Let b(p) = p**3 + 30*p**2 - 232*p - 7577. Calculate b(-27).
874
Let a(n) = 29*n**3 + 6408*n**2 - 221*n - 41. What is a(-221)?
-41
Let k(c) = 7467*c - 201590. What is k(27)?
19
Let d(l) = 487307*l - 15593818. Give d(32).
6
Let a(l) = -2429*l + 43595. Calculate a(18).
-127
Let w(x) = 9*x**2 + 132*x + 14. What is w(-13)?
-181
Let d(w) = -2*w**3 + 39*w**2 - 29*w + 364. Determine d(9).
1804
Let o(g) = -g**2 + 266*g + 2918. What is o(-11)?
-129
Let l(s) = -s**2 + 137*s + 20415. Determine l(-90).
-15
Let a(c) = -20*c**2 + 13*c + 2273. Calculate a(11).
-4
Let k(d) = -5*d**3 + 11*d**2 + 156*d - 1003. Calculate k(7).
-1087
Let t(b) = -4546*b + 295507. Give t(65).
17
Let h(r) = -19190*r + 115195. Calculate h(6).
55
Let g(j) = -20378*j + 142566. Determine g(7).
-80
Let o(m) = 11*m**3 + 416*m**2 - 31*m + 16. What is o(-38)?
-1694
Let n(i) = 3328*i + 93197. Determine n(-28).
13
Let v(l) = -2*l**2 - l + 877. Determine v(0).
877
Let t(k) = 3*k**2 + 10907*k + 65358. Determine t(-6).
24
Let q(a) = a**2 - 26623*a - 11990240. What is q(-443)?
-2
Let j(d) = -d**2 - 14694*d + 338503. What is j(23)?
12
Let k(u) = -55*u**3 + 715*u**2 - 20*u - 90. Determine k(13).
-350
Let f(x) = -2*x**3 + 4*x**2 - 26*x + 291. Calculate f(7).
-381
Let u(y) = -64*y**2 - 211*y. Calculate u(-1).
147
Let r(a) = -582*a - 9956. What is r(-13)?
-2390
Let i(h) = 30*h**3 + 260*h**2 + 6*h - 16. Give i(-9).
-880
Let q(a) = a**2 + 2859*a + 607070. Give q(-231).
2
Let o(v) = v**2 - 2934*v + 220009. Give o(77).
20
Let p(m) = -12*m**3 + 917*m**2 - 364*m - 1221. What is p(76)?
-5
Let k(y) = -6*y**2 - 282*y + 15160. Calculate k(32).
-8
Let a(d) = -d**2 - 6007*d - 42236. Give a(-7).
-236
Let a(o) = o**3 + 52*o**2 + 187*o + 1967. What is a(-49)?
7
Let r(c) = -c**3 + 155*c**2 + 673*c - 31081. Give r(158).
361
Let g(m) = -19*m**3 - 138*m**2 - 410*m + 33. What is g(-3)?
534
Let b(d) = 19*d**3 - 548*d**2 + d - 2558. Determine b(29).
-6
Let i(b) = -20674*b + 124122. What is i(6)?
78
Let v(n) = -5*n**3 - 5*n**2 - 6*n + 79. Determine v(-5).
609
Let c(d) = -2137*d - 100344. Give c(-47).
95
Let n(s) = 457*s + 361. Calculate n(-4).
-1467
Let k(a) = 458*a + 27471. Calculate k(-59).
449
Let r(s) = -158744*s + 2381183. Calculate r(15).
23
Let o(j) = -367*j + 64758. What is o(177)?
-201
Let h(k) = 3014*k + 448420. What is h(-149)?
-666
Let a(m) = -22*m**3 - 519*m**2 - 517*m + 2. Give a(-1).
22
Let i(s) = -2709*s - 129943. Calculate i(-48).
89
Let b(p) = 4*p**3 + 28*p**2 - 21*p - 116. Determine b(-7).
31
Let j(o) = o**3 - 16*o**2 - 503*o + 5122. Determine j(9).
28
Let x(v) = v**3 + 106*v**2 - 206*v + 929. Give x(-108).
-151
Let h(d) = 2*d**3 + 132*d**2 - 132*d + 214. What is h(-67)?
80
Let x(j) = 114578*j + 2406152. Calculate x(-21).
14
Let y(t) = -1872*t - 5859. What is y(-3)?
-243
Let s(v)